{"id":1672,"date":"2024-06-11T13:20:33","date_gmt":"2024-06-11T13:20:33","guid":{"rendered":"https:\/\/troikaelektronik.com\/?page_id=1672"},"modified":"2024-07-19T06:39:21","modified_gmt":"2024-07-19T06:39:21","slug":"hakkimizda-2","status":"publish","type":"page","link":"https:\/\/www.troikaelektronik.com\/index.php\/hakkimizda-2\/","title":{"rendered":"Hakk\u0131m\u0131zda"},"content":{"rendered":"\t\t<div data-elementor-type=\"wp-page\" data-elementor-id=\"1672\" class=\"elementor elementor-1672\">\n\t\t\t\t<div class=\"elementor-element elementor-element-e8aacc1 e-flex e-con-boxed e-con e-parent\" data-id=\"e8aacc1\" data-element_type=\"container\">\n\t\t\t\t\t<div class=\"e-con-inner\">\n\t\t<div class=\"elementor-element elementor-element-0fa34fc e-grid e-con-full e-con e-child\" data-id=\"0fa34fc\" data-element_type=\"container\">\n\t\t\t\t<div class=\"elementor-element elementor-element-af2eba9 elementor-widget elementor-widget-image\" data-id=\"af2eba9\" data-element_type=\"widget\" data-widget_type=\"image.default\">\n\t\t\t\t<div class=\"elementor-widget-container\">\n\t\t\t\t\t\t\t\t\t\t\t\t\t\t\t<img fetchpriority=\"high\" decoding=\"async\" width=\"1024\" height=\"683\" src=\"https:\/\/www.troikaelektronik.com\/wp-content\/uploads\/2024\/06\/germany-hamburg-coal-fired-power-plant-moorburg-2023-11-27-04-52-13-utc-1024x683.jpg\" class=\"attachment-large size-large wp-image-1893\" alt=\"\" srcset=\"https:\/\/www.troikaelektronik.com\/wp-content\/uploads\/2024\/06\/germany-hamburg-coal-fired-power-plant-moorburg-2023-11-27-04-52-13-utc-1024x683.jpg 1024w, https:\/\/www.troikaelektronik.com\/wp-content\/uploads\/2024\/06\/germany-hamburg-coal-fired-power-plant-moorburg-2023-11-27-04-52-13-utc-300x200.jpg 300w, https:\/\/www.troikaelektronik.com\/wp-content\/uploads\/2024\/06\/germany-hamburg-coal-fired-power-plant-moorburg-2023-11-27-04-52-13-utc-768x512.jpg 768w, https:\/\/www.troikaelektronik.com\/wp-content\/uploads\/2024\/06\/germany-hamburg-coal-fired-power-plant-moorburg-2023-11-27-04-52-13-utc-1536x1024.jpg 1536w, https:\/\/www.troikaelektronik.com\/wp-content\/uploads\/2024\/06\/germany-hamburg-coal-fired-power-plant-moorburg-2023-11-27-04-52-13-utc-2048x1365.jpg 2048w, https:\/\/www.troikaelektronik.com\/wp-content\/uploads\/2024\/06\/germany-hamburg-coal-fired-power-plant-moorburg-2023-11-27-04-52-13-utc-600x400.jpg 600w\" sizes=\"(max-width: 1024px) 100vw, 1024px\" \/>\t\t\t\t\t\t\t\t\t\t\t\t\t\t\t<\/div>\n\t\t\t\t<\/div>\n\t\t<div class=\"elementor-element elementor-element-274c175 e-flex e-con-boxed e-con e-child\" data-id=\"274c175\" data-element_type=\"container\">\n\t\t\t\t\t<div class=\"e-con-inner\">\n\t\t\t\t<div class=\"elementor-element elementor-element-44e87c9 elementor-widget elementor-widget-heading\" data-id=\"44e87c9\" data-element_type=\"widget\" data-widget_type=\"heading.default\">\n\t\t\t\t<div class=\"elementor-widget-container\">\n\t\t\t\t\t<h3 class=\"elementor-heading-title elementor-size-default\">Hakk\u0131m\u0131zda<\/h3>\t\t\t\t<\/div>\n\t\t\t\t<\/div>\n\t\t\t\t<div class=\"elementor-element elementor-element-db83d6c elementor-widget elementor-widget-text-editor\" data-id=\"db83d6c\" data-element_type=\"widget\" data-widget_type=\"text-editor.default\">\n\t\t\t\t<div class=\"elementor-widget-container\">\n\t\t\t\t\t\t\t\t\t<p>\u00a0 \u00a0 \u00a0 \u00a0 Troika; Elektrik iletim, da\u011f\u0131t\u0131m \u015febekelerinde ve yenilenebilir enerji alanlar\u0131nda \u00e7\u00f6z\u00fcm \u00fcreten bir \u015firkettir. Ayr\u0131ca g\u00fc\u00e7 elektroni\u011fi alan\u0131nda \u00fcr\u00fcn geli\u015ftirme \u00e7al\u0131\u015fmalar\u0131 yapmaktad\u0131r. <\/p>\t\t\t\t\t\t\t\t<\/div>\n\t\t\t\t<\/div>\n\t\t\t\t<div class=\"elementor-element elementor-element-f746b0c elementor-widget elementor-widget-text-editor\" data-id=\"f746b0c\" data-element_type=\"widget\" data-widget_type=\"text-editor.default\">\n\t\t\t\t<div class=\"elementor-widget-container\">\n\t\t\t\t\t\t\t\t\t<p>\u00a0 \u00a0 \u00a0 \u00a0\u0130letim ve Da\u011f\u0131t\u0131m seviyesinde ENH ve Trafo Merkezi projelendirilmesi, tasar\u0131m\u0131, et\u00fct yap\u0131lmas\u0131, tesis yap\u0131m i\u015fleri, devreye al\u0131nmas\u0131, i\u015fletme ve bak\u0131m hizmeti, deplase yap\u0131lmas\u0131, SCADA kurulumu ve g\u00fc\u00e7 kalitesi \u00e7\u00f6z\u00fcmleri konusunda \u00e7\u00f6z\u00fcmler sunmaktad\u0131r. Ayr\u0131ca Yenilenebilir Enerjide ba\u015fvuru s\u00fcrecinden devreye al\u0131nmas\u0131na kadar olan t\u00fcm s\u00fcre\u00e7lere \u00e7\u00f6z\u00fcm sunmaktad\u0131r.<\/p><p>\u00a0 \u00a0 \u00a0 \u00a0Elektrik \u0130letim ve Da\u011f\u0131t\u0131m \u015eirketlerinde y\u00fcr\u00fct\u00fclen b\u00fct\u00fcn s\u00fcre\u00e7lerde dan\u0131\u015fmanl\u0131k hizmeti sunmaktad\u0131r.<\/p>\t\t\t\t\t\t\t\t<\/div>\n\t\t\t\t<\/div>\n\t\t\t\t\t<\/div>\n\t\t\t\t<\/div>\n\t\t\t\t<\/div>\n\t\t\t\t\t<\/div>\n\t\t\t\t<\/div>\n\t\t\t\t<\/div>\n\t\t","protected":false},"excerpt":{"rendered":"Hakk\u0131m\u0131zda \u00a0 \u00a0 \u00a0 \u00a0 Troika; Elektrik iletim, da\u011f\u0131t\u0131m \u015febekelerinde ve yenilenebilir enerji alanlar\u0131nda \u00e7\u00f6z\u00fcm \u00fcreten bir \u015firkettir. Ayr\u0131ca g\u00fc\u00e7 elektroni\u011fi alan\u0131nda \u00fcr\u00fcn geli\u015ftirme \u00e7al\u0131\u015fmalar\u0131 yapmaktad\u0131r. \u00a0 \u00a0 \u00a0 \u00a0\u0130letim ve Da\u011f\u0131t\u0131m seviyesinde ENH ve Trafo Merkezi projelendirilmesi, tasar\u0131m\u0131, et\u00fct yap\u0131lmas\u0131, tesis yap\u0131m i\u015fleri, devreye al\u0131nmas\u0131, i\u015fletme ve bak\u0131m hizmeti, deplase yap\u0131lmas\u0131, SCADA kurulumu ve&#8230;","protected":false},"author":1,"featured_media":0,"parent":0,"menu_order":0,"comment_status":"closed","ping_status":"closed","template":"","meta":{"footnotes":""},"class_list":["post-1672","page","type-page","status-publish","hentry"],"_links":{"self":[{"href":"https:\/\/www.troikaelektronik.com\/index.php\/wp-json\/wp\/v2\/pages\/1672","targetHints":{"allow":["GET"]}}],"collection":[{"href":"https:\/\/www.troikaelektronik.com\/index.php\/wp-json\/wp\/v2\/pages"}],"about":[{"href":"https:\/\/www.troikaelektronik.com\/index.php\/wp-json\/wp\/v2\/types\/page"}],"author":[{"embeddable":true,"href":"https:\/\/www.troikaelektronik.com\/index.php\/wp-json\/wp\/v2\/users\/1"}],"replies":[{"embeddable":true,"href":"https:\/\/www.troikaelektronik.com\/index.php\/wp-json\/wp\/v2\/comments?post=1672"}],"version-history":[{"count":16,"href":"https:\/\/www.troikaelektronik.com\/index.php\/wp-json\/wp\/v2\/pages\/1672\/revisions"}],"predecessor-version":[{"id":2136,"href":"https:\/\/www.troikaelektronik.com\/index.php\/wp-json\/wp\/v2\/pages\/1672\/revisions\/2136"}],"wp:attachment":[{"href":"https:\/\/www.troikaelektronik.com\/index.php\/wp-json\/wp\/v2\/media?parent=1672"}],"curies":[{"name":"wp","href":"https:\/\/api.w.org\/{rel}","templated":true}]}}