{"id":1347,"date":"2024-06-10T15:52:08","date_gmt":"2024-06-10T15:52:08","guid":{"rendered":"https:\/\/troikaelektronik.com\/?page_id=1347"},"modified":"2024-11-13T18:57:27","modified_gmt":"2024-11-13T18:57:27","slug":"ag-og-proje-cizimleri","status":"publish","type":"page","link":"https:\/\/www.troikaelektronik.com\/index.php\/ag-og-proje-cizimleri\/","title":{"rendered":"AG\/OG Proje \u00c7izimleri"},"content":{"rendered":"\t\t<div data-elementor-type=\"wp-page\" data-elementor-id=\"1347\" class=\"elementor elementor-1347\">\n\t\t\t\t<div class=\"elementor-element elementor-element-ea3b53d e-flex e-con-boxed e-con e-parent\" data-id=\"ea3b53d\" data-element_type=\"container\">\n\t\t\t\t\t<div class=\"e-con-inner\">\n\t\t\t\t<div class=\"elementor-element elementor-element-02e8afc elementor-widget elementor-widget-image\" data-id=\"02e8afc\" data-element_type=\"widget\" data-widget_type=\"image.default\">\n\t\t\t\t<div class=\"elementor-widget-container\">\n\t\t\t\t\t\t\t\t\t\t\t\t\t\t\t<img fetchpriority=\"high\" decoding=\"async\" width=\"1800\" height=\"300\" src=\"https:\/\/www.troikaelektronik.com\/wp-content\/uploads\/2024\/11\/agogproje.jpg\" class=\"attachment-full size-full wp-image-2431\" alt=\"\" srcset=\"https:\/\/www.troikaelektronik.com\/wp-content\/uploads\/2024\/11\/agogproje.jpg 1800w, https:\/\/www.troikaelektronik.com\/wp-content\/uploads\/2024\/11\/agogproje-300x50.jpg 300w, https:\/\/www.troikaelektronik.com\/wp-content\/uploads\/2024\/11\/agogproje-1024x171.jpg 1024w, https:\/\/www.troikaelektronik.com\/wp-content\/uploads\/2024\/11\/agogproje-768x128.jpg 768w, https:\/\/www.troikaelektronik.com\/wp-content\/uploads\/2024\/11\/agogproje-1536x256.jpg 1536w, https:\/\/www.troikaelektronik.com\/wp-content\/uploads\/2024\/11\/agogproje-600x100.jpg 600w\" sizes=\"(max-width: 1800px) 100vw, 1800px\" \/>\t\t\t\t\t\t\t\t\t\t\t\t\t\t\t<\/div>\n\t\t\t\t<\/div>\n\t\t\t\t\t<\/div>\n\t\t\t\t<\/div>\n\t\t<div class=\"elementor-element elementor-element-ebc21bf e-flex e-con-boxed e-con e-parent\" data-id=\"ebc21bf\" data-element_type=\"container\">\n\t\t\t\t\t<div class=\"e-con-inner\">\n\t\t\t\t<div class=\"elementor-element elementor-element-086648b elementor-widget elementor-widget-heading\" data-id=\"086648b\" data-element_type=\"widget\" data-widget_type=\"heading.default\">\n\t\t\t\t<div class=\"elementor-widget-container\">\n\t\t\t\t\t<h2 class=\"elementor-heading-title elementor-size-default\">AG\/OG Proje \u00c7izimleri<\/h2>\t\t\t\t<\/div>\n\t\t\t\t<\/div>\n\t\t\t\t\t<\/div>\n\t\t\t\t<\/div>\n\t\t<div class=\"elementor-element elementor-element-210e690 e-flex e-con-boxed e-con e-parent\" data-id=\"210e690\" data-element_type=\"container\">\n\t\t\t\t\t<div class=\"e-con-inner\">\n\t\t\t\t<div class=\"elementor-element elementor-element-decb991 elementor-widget elementor-widget-text-editor\" data-id=\"decb991\" data-element_type=\"widget\" data-widget_type=\"text-editor.default\">\n\t\t\t\t<div class=\"elementor-widget-container\">\n\t\t\t\t\t\t\t\t\t<p>\u2022 AG\/OG Tesis projeleri<br \/>\u2022 Trafo-Ba\u011flant\u0131 hatt\u0131 projeleri<br \/>\u2022 \u00d6nabonelik i\u015flemleri<br \/>\u2022 GES-RES projeleri<br \/>\u2022 G\u00fc\u00e7 art\u0131\u015f\u0131<br \/>\u2022 Yeni Ba\u011flant\u0131 talepleri<br \/>\u2022 Proje Revizyonu<br \/>\u2022 Proje Takibi<br \/>\u2022 Gerekli \u0130zinlerin Al\u0131nmas\u0131<br \/>\u2022 Evrak Haz\u0131rlanmas\u0131, Takibi<\/p>\t\t\t\t\t\t\t\t<\/div>\n\t\t\t\t<\/div>\n\t\t\t\t\t<\/div>\n\t\t\t\t<\/div>\n\t\t\t\t<\/div>\n\t\t","protected":false},"excerpt":{"rendered":"AG\/OG Proje \u00c7izimleri \u2022 AG\/OG Tesis projeleri\u2022 Trafo-Ba\u011flant\u0131 hatt\u0131 projeleri\u2022 \u00d6nabonelik i\u015flemleri\u2022 GES-RES projeleri\u2022 G\u00fc\u00e7 art\u0131\u015f\u0131\u2022 Yeni Ba\u011flant\u0131 talepleri\u2022 Proje Revizyonu\u2022 Proje Takibi\u2022 Gerekli \u0130zinlerin Al\u0131nmas\u0131\u2022 Evrak Haz\u0131rlanmas\u0131, Takibi","protected":false},"author":1,"featured_media":0,"parent":0,"menu_order":0,"comment_status":"closed","ping_status":"closed","template":"","meta":{"footnotes":""},"class_list":["post-1347","page","type-page","status-publish","hentry"],"_links":{"self":[{"href":"https:\/\/www.troikaelektronik.com\/index.php\/wp-json\/wp\/v2\/pages\/1347","targetHints":{"allow":["GET"]}}],"collection":[{"href":"https:\/\/www.troikaelektronik.com\/index.php\/wp-json\/wp\/v2\/pages"}],"about":[{"href":"https:\/\/www.troikaelektronik.com\/index.php\/wp-json\/wp\/v2\/types\/page"}],"author":[{"embeddable":true,"href":"https:\/\/www.troikaelektronik.com\/index.php\/wp-json\/wp\/v2\/users\/1"}],"replies":[{"embeddable":true,"href":"https:\/\/www.troikaelektronik.com\/index.php\/wp-json\/wp\/v2\/comments?post=1347"}],"version-history":[{"count":23,"href":"https:\/\/www.troikaelektronik.com\/index.php\/wp-json\/wp\/v2\/pages\/1347\/revisions"}],"predecessor-version":[{"id":2452,"href":"https:\/\/www.troikaelektronik.com\/index.php\/wp-json\/wp\/v2\/pages\/1347\/revisions\/2452"}],"wp:attachment":[{"href":"https:\/\/www.troikaelektronik.com\/index.php\/wp-json\/wp\/v2\/media?parent=1347"}],"curies":[{"name":"wp","href":"https:\/\/api.w.org\/{rel}","templated":true}]}}